digit of 9404158?
4
What is the hundred thousands digit of 105577?
1
What is the units digit of 334786?
6
What is the hundred thousands digit of 2056380?
0
What is the thousands digit of 9023628?
3
What is the hundred thousands digit of 11142198?
1
What is the units digit of 25467?
7
What is the units digit of 359433?
3
What is the thousands digit of 1029211?
9
What is the hundreds digit of 397016?
0
What is the units digit of 531007?
7
What is the thousands digit of 4206924?
6
What is the hundreds digit of 280134?
1
What is the units digit of 190139?
9
What is the tens digit of 14113675?
7
What is the tens digit of 4090272?
7
What is the ten thousands digit of 35525?
3
What is the thousands digit of 15333597?
3
What is the thousands digit of 800395?
0
What is the ten thousands digit of 8185128?
8
What is the tens digit of 2890784?
8
What is the hundred thousands digit of 306014?
3
What is the ten thousands digit of 691477?
9
What is the tens digit of 7976996?
9
What is the hundred thousands digit of 134463?
1
What is the thousands digit of 7281051?
1
What is the hundred thousands digit of 513459?
5
What is the ten thousands digit of 272344?
7
What is the ten millions digit of 23360327?
2
What is the tens digit of 15634079?
7
What is the hundreds digit of 5026127?
1
What is the hundreds digit of 898057?
0
What is the thousands digit of 637752?
7
What is the hundred thousands digit of 1791720?
7
What is the tens digit of 52226?
2
What is the tens digit of 9196034?
3
What is the ten thousands digit of 56875?
5
What is the ten thousands digit of 976823?
7
What is the units digit of 8783820?
0
What is the thousands digit of 11548756?
8
What is the hundred thousands digit of 546011?
5
What is the hundred thousands digit of 129763?
1
What is the thousands digit of 4878595?
8
What is the tens digit of 2032073?
7
What is the hundred thousands digit of 1317357?
3
What is the ten thousands digit of 20028904?
2
What is the thousands digit of 683751?
3
What is the millions digit of 5279371?
5
What is the units digit of 224198?
8
What is the thousands digit of 716531?
6
What is the hundreds digit of 297431?
4
What is the millions digit of 4040136?
4
What is the millions digit of 8037673?
8
What is the tens digit of 15295368?
6
What is the units digit of 12173353?
3
What is the ten thousands digit of 253527?
5
What is the hundreds digit of 134053?
0
What is the hundred thousands digit of 1191536?
1
What is the units digit of 2530890?
0
What is the units digit of 251788?
8
What is the hundreds digit of 3621021?
0
What is the ten thousands digit of 1814104?
1
What is the tens digit of 308955?
5
What is the tens digit of 386561?
6
What is the hundreds digit of 2163812?
8
What is the hundreds digit of 836569?
5
What is the units digit of 2172032?
2
What is the units digit of 120803?
3
What is the ten thousands digit of 4645492?
4
What is the ten thousands digit of 1715018?
1
What is the hundred thousands digit of 1367209?
3
What is the hundreds digit of 3924031?
0
What is the tens digit of 1850139?
3
What is the ten thousands digit of 550454?
5
What is the thousands digit of 4062276?
2
What is the hundred thousands digit of 757988?
7
What is the ten thousands digit of 446414?
4
What is the thousands digit of 7209649?
9
What is the hundred thousands digit of 920212?
9
What is the tens digit of 2148937?
3
What is the hundreds digit of 2289518?
5
What is the thousands digit of 537993?
7
What is the ten thousands digit of 357982?
5
What is the thousands digit of 7156453?
6
What is the ten thousands digit of 2156414?
5
What is the hundreds digit of 337607?
6
What is the units digit of 287767?
7
What is the thousands digit of 18387?
8
What is the millions digit of 18673230?
8
What is the ten thousands digit of 775697?
7
What is the thousands digit of 188629?
8
What is the millions digit of 7030345?
7
What is the ten thousands digit of 70294?
7
What is the hundred thousands digit of 12839617?
8
What is the hundreds digit of 701292?
2
What is the ten millions digit of 18235305?
1
What is the units digit of 64715?
5
What is the millions digit of 21225833?
1
What is the units digit of 80126?
6
What is the hundreds digit of 12980721?
7
What is the thousands digit of 184243?
4
What is the units digit of 9657735?
5
What is the tens digit of 998784?
8
What is the hundreds digit of 195589?
5
What is the tens digit of 4286735?
3
What is the hundred thousands digit of 2377044?
3
What is the ten thousands digit of 13840105?
4
What is the hundreds digit of 120800?
8
What is the ten thousands digit of 2345754?
4
What is the hundreds digit of 4556457?
4
What is the units digit of 211633?
3
What is the hundred thousands digit of 12482902?
4
What is the thousands digit of 11210456?
0
What is the ten thousands digit of 7624968?
2
What is the thousands digit of 1026405?
6
What is the millions digit of 16526385?
6
What is the hundreds digit of 2381337?
3
What is the hundreds digit of 3372541?
5
What is the units digit of 4199237?
7
What is the millions digit of 2456570?
2
What is the hundreds digit of 2860201?
2
What is the hundred thousands digit of 4189992?
1
What is the units digit of 24243525?
5
What is the hundreds digit of 932119?
1
What is the units digit of 101433?
3
What is the ten thousands digit of 2902015?
0
What is the hundred thousands digit of 274335?
2
What is the hundreds digit of 420250?
2
What is the hundreds digit of 42809?
8
What is the thousands digit of 115231?
5
What is the thousands digit of 2441355?
1
What is the hundreds digit of 235492?
4
What is the hundred thousands digit of 389774?
3
What is the units digit of 6151401?
1
What is the units digit of 1332299?
9
What is the hundreds digit of 1784443?
4
What is the hundreds digit of 1002022?
0
What is the units digit of 121527?
7
What is the hundred thousands digit of 12781256?
7
What is the units digit of 1822446?
6
What is the units digit of 18271020?
0
What is the units digit of 1706473?
3
What is the millions digit of 39583576?
9
What is the tens digit of 98494?
9
What is the tens digit of 6624251?
5
What is the millions digit of 3856884?
3
What is the hundreds digit of 4345377?
3
What is the tens digit of 350484?
8
What is the hundreds digit of 143958?
9
What is the hundreds digit of 18091?
0
What is the ten thousands digit of 1022090?
2
What is the millions digit of 7940213?
7
What is the hundreds digit of 494388?
3
What is the thousands digit of 1552130?
2
What is the tens digit of 221398?
9
What is the hundreds digit of 20527010?
0
What is the tens digit of 2301248?
4
What is the ten thousands digit of 3525397?
2
What is the ten thousands digit of 566870?
6
What is the thousands digit of 415384?
5
What is the hundreds digit of 239606?
6
What is the thousands digit of 919009?
9
What is the units digit of 19856613?
3
What is the thousands digit of 517028?
7
What is the hundreds digit of 2868280?
2
What is the hundreds digit of 144744?
7
What is the millions digit of 34115807?
4
What is the thousands digit of 25870016?
0
What is the millions digit of 2326890?
2
What is the thousands digit of 721072?
1
What is the millions digit of 1946575?
1
What is the hundreds digit of 5063?
0
What is the hundreds digit of 1128850?
8
What is the hundreds digit of 284321?
3
What is the hundred thousands digit of 2290965?
2
What is the millions digit of 2439762?
2
What is the hundreds digit of 7463988?
9
What is the hundred thousands digit of 1178852?
1
What is the hundred thousands digit of 461965?
4
What is the tens digit of 538901?
0
What is the thousands digit of 3389774?
9
What is the hundreds digit of 130253?
2
What is the tens digit of 183823?
2
What is the hundred thousands digit of 257500?
2
What is the tens digit of 11967464?
6
What is the tens digit of 397834?
3
What is the tens digit of 3013407?
0
What is the units digit of 301062?
2
What is the tens digit of 6351198?
9
What is the hundreds digit of 8419410?
4
What is the units digit of 225190?
0
What is the hundreds digit of 3002799?
7
What is the tens digit of 753859?
5
What is the ten thousands digit of 2659962?
5
What is the units digit of 44495?
5
What is the units digit of 10089?
9
What is the hundred thousands digit of 508076?
5
What is the ten mill